h(y) + 5*m(y). What is the tens digit of i(u)?
7
Let u be 136 + (1 - 4 - -5). Let j = 348 - u. Suppose 4*d + j + 70 = 5*o, -2*d - 50 = -o. What is the tens digit of o?
6
Suppose 0 = 124*v - 113*v - 20867. What is the units digit of v?
7
What is the hundreds digit of 47375*((-42)/(-16) + -3)/((-5)/8)?
4
Suppose 10*m - 7522 = 7988. Let n = m + -480. What is the tens digit of n?
7
Suppose 4*q = 3*k + 394, 7*k - 3*k - 4*q + 524 = 0. Let z = -130 - k. Suppose 0 = -v + 3*r, -5*v - r - 21 + 85 = z. What is the units digit of v?
2
Let d = 309 + -305. Suppose 0 = 4*w - 0 - 8, w + 3806 = d*l. What is the units digit of l?
2
Suppose 181*l - 182*l - 4*g = -21908, 0 = -2*l + 5*g + 43790. Suppose 222*k + l = 234*k. What is the units digit of k?
5
Let d(j) = 15658*j - 82. What is the thousands digit of d(1)?
5
Let s be 3 + 1 + 7/(21/9). Suppose -2*l - 1 = s. Let b(k) = 4*k**2 - 6*k + 3. What is the units digit of b(l)?
1
Suppose 56*c - 120 = 16*c. Suppose 0 = -n + 2, -c*b + 8*b = -2*n + 644. What is the tens digit of b?
2
Let k(p) = -p + 9. Let h be (-9 - (-4 + 7))/(-2). Let u be k(h). Suppose -2*q + q = -5*v - 19, u*q + 2*v - 57 = 0. What is the units digit of q?
9
Suppose 2*z + u - 3279 = 6*u, 4*u + 4929 = 3*z. Suppose -4*m - 299 + z = 0. What is the hundreds digit of m?
3
Let o = 269 + 14. Suppose 4*i - o = 389. Suppose 2*v + v = -3*w + i, 4*w - 252 = 3*v. What is the tens digit of w?
6
Let g(d) = 281*d - 1237. What is the units digit of g(14)?
7
Let m(x) = x**3 - x**2 + 2*x - 11. Let o be m(9). Suppose 7 - o = -8*a. Let q = a + -48. What is the tens digit of q?
3
Let u be -3 + 6 + -3 + 26 + 9. What is the units digit of 4722/10 - (-28)/u?
3
Let h = -128238 - -193965. What is the ten thousands digit of h?
6
Suppose 0 = -10*x + 5*x + 50. Suppose -2*v = x + 72. What is the units digit of v/(-4) + 8/(-32)?
0
Let x = 1504 - -1184. What is the tens digit of x?
8
Let t(z) = 361*z**2 + 16*z - 45. What is the thousands digit of t(4)?
5
What is the hundreds digit of 5846 + (-6 - -3) - (55 - 48)?
8
Let d(q) = 2*q**3 - 115*q**2 - 43*q - 646. What is the hundreds digit of d(62)?
2
Suppose 43*d = -26*d + 981939. What is the hundreds digit of d?
2
Let v = 19311 + -9514. What is the tens digit of v?
9
Let y = -196 + 198. Suppose -y*d = -5*d + 216. What is the units digit of d?
2
Let n = -1548 + 7592. What is the units digit of n?
4
Suppose -4*g - 14 = -2*o, -3*o + 11 = -5*g - 8. Suppose 0 = -0*r + o*r + 129. Let i = 67 + r. What is the units digit of i?
4
What is the hundreds digit of ((-14)/(-2))/((-4)/24)*(13 + -1492)?
1
Let l = 104 + -47. Suppose 22*a = l*a - 16345. What is the tens digit of a?
6
What is the units digit of -2005*(897/65 - 14)?
1
Suppose 4*g - 10 = 2, -5*g = -4*q - 435. Let p = -89 - q. What is the tens digit of p?
1
Let i(q) = q**3 + 8*q + 1. Let o be i(8). Let r = 1199 - o. What is the units digit of r?
2
Let q(d) = 3*d**2 + 9*d - 3. Suppose -15 = 3*v - 2*s, -v - 3*s = 3*v + 3. Let m be q(v). What is the tens digit of (-3)/((6/34)/m)?
5
Let d = 5856 + 3607. What is the thousands digit of d?
9
Let w = 38 - 70. Let b be (w/(-56))/((-2)/(-35)). Suppose n - 46 + b = 0. What is the units digit of n?
6
Let p = -731 - -722. What is the tens digit of 20138/16 + p/(-24)?
5
Let a = 21683 - -29. What is the hundreds digit of a?
7
Suppose 0 = -5*d + d - 40. Let l be (-45)/d - (-3)/(-2). Suppose 2*j = l*j - 23. What is the units digit of j?
3
Let c(w) be the third derivative of -w**6/120 + w**5/15 + w**4/24 - 5*w**3/2 - 12*w**2. What is the tens digit of c(-3)?
4
Suppose 18319 = 4*k - 3*u, -u - 18317 = 22*k - 26*k. What is the hundreds digit of k?
5
Let p = 164 - 124. Let s be (-15)/(-6)*(-12)/(-15). Suppose -4*o + 7 + 11 = c, -3*c = -s*o - p. What is the units digit of c?
4
Let c(f) be the first derivative of 9*f**4/4 - f**3 - 5*f**2 + 4*f + 133. What is the tens digit of c(4)?
9
What is the thousands digit of 5/40 - 1175295/(-264)?
4
What is the units digit of 86258/14 + 54/(-189)?
1
What is the tens digit of ((-55)/(-165) - (-38)/(-6)) + 83881 + 7?
8
Suppose 12 = -3*l - 0*h + 3*h, 4*h - 14 = 3*l. Let j be 4672/(-44) + l/(-11). Let o = j - -186. What is the tens digit of o?
8
Suppose 0 = 19*h - 14*h + 80. Let a = 18 + h. Suppose -a*v = -27 - 115. What is the tens digit of v?
7
Let f = -512 + 513. What is the hundreds digit of -2 + f - (-1 + -416)?
4
Suppose 2*n = -5*p - 5, -139*p = -144*p - 3*n. What is the units digit of 1372 + 149 + 2*p/2?
8
Let q = -51 - -53. Let p be ((-2)/q)/((-78)/15 - -5). Suppose 4*w + 5*c + 129 = 520, -2*w - p*c + 183 = 0. What is the hundreds digit of w?
1
Let s = 15 + -17. Let v be (1/s)/((-13)/156). Suppose v*t = 216 + 240. What is the units digit of t?
6
Let j = -463 - -181. Let f = 577 + j. What is the hundreds digit of f?
2
Suppose -88954 = -19*n - 8261. What is the hundreds digit of n?
2
Let y(b) = 29*b**2 - 7*b - 11. Let k be y(-10). Suppose -6*n + 1181 = -k. What is the hundreds digit of n?
6
Suppose -13*q + 7*q + 2100 = 0. Suppose -2*l + q = -l. What is the units digit of l?
0
Suppose -22295 - 47725 = -4*a - 4*j, 0 = 5*j + 20. What is the units digit of a?
9
Suppose -4*f - 5*z = -680 - 1071, -2*f = -2*z - 898. Suppose -4*b + 4 = 0, -7*y + f = -5*y - 2*b. What is the tens digit of y?
2
Suppose 5*r + 2*v = 5307, -4*r - v + 4272 = -6*v. Let o = 2054 - r. What is the tens digit of o?
9
Let a = 5700 + 4013. What is the hundreds digit of a?
7
Let v be (((-8)/(-12))/(-2))/(25/(-1125)). What is the hundreds digit of (v - 24)*(-662)/18?
3
Let g = 669 + 1435. What is the hundreds digit of g?
1
Let o(r) = 90*r + 4. Let w be o(-5). Let x = 314 + w. Let y = -38 - x. What is the tens digit of y?
9
Let i be 20/(-35) - 400/(-14) - -3. Suppose 39*j - i*j - 2008 = 0. What is the units digit of j?
1
Let v(j) = -7*j**3 - 16*j**2 + 43*j + 305. What is the units digit of v(-16)?
3
Suppose -5*w = 4*g + 5702 - 1633, 2*w - 4090 = 4*g. Let b = 1614 + g. What is the hundreds digit of b?
5
Let y = 15796 - 15759. What is the tens digit of y?
3
Let j = 24621 - -2892. What is the units digit of j?
3
Let p be (-1)/((-867)/(-217) + (-44)/11). Suppose 14*f - 11*f - p = -4*x, -f + 79 = -2*x. What is the units digit of f?
5
Let d be ((-72)/15)/(3/765*-2). Suppose -4*n = -0*n - d. Suppose -2*w = -6*w + 2*p + 614, 0 = w - p - n. What is the units digit of w?
4
Suppose 3*s - y = 4*y - 20, -y + 4 = 0. Suppose 5*o - 1481 = f, o - 3*f + s*f = 285. What is the units digit of o?
7
Let w = -94 + 97. Suppose -7 - 2 = -3*k - w*j, -k + 5*j = -9. Suppose k*n - 112 = 880. What is the tens digit of n?
4
Let n be -403 + 66/6 - 0/2. Let u be (21/2)/((-3)/184). Let k = n - u. What is the tens digit of k?
5
Suppose -104 = -4*c + 2*t, -2*c + 23*t = 28*t - 52. Suppose 5*n - 230 = 680. Suppose c = -6*j + n. What is the tens digit of j?
2
Let o(m) = 10*m**2 + 24*m + 24. Let g be o(-22). What is the tens digit of (1/(-2))/((-8)/g)?
7
Let b be (-111)/9*(-8 + -1). Let m = -3818 - -4060. Let d = m - b. What is the tens digit of d?
3
Let g be 2*2/(-4)*(1 - 12). Let b(j) = 69*j - 76. What is the tens digit of b(g)?
8
Suppose -137*i = -98*i - 2743377. What is the hundreds digit of i?
3
Suppose -8*n + 5*n + 52220 = 4*j, 35 = -5*j. What is the thousands digit of n?
7
Let r(k) be the first derivative of k**3 - 3*k**2/2 - 21*k + 513. Let t be 2/(-4) + (-21)/6. What is the units digit of r(t)?
9
Let y be 4771/117 - 4/(-18)*1. Let v = -46 + y. Let w(a) = -a**3 - 2*a**2 + 9*a - 7. What is the units digit of w(v)?
3
Let d(x) = -x**2 + 23*x + 85. Let y be d(26). What is the units digit of (6/7)/(y/2891)?
4
Let g = -94 - -98. Suppose -y + 3*x = -307, -x - g*x = -y + 305. What is the tens digit of y?
1
Let t = 18154 - 12561. What is the hundreds digit of t?
5
Let b = -678 + 3034. Suppose b = 4*a + 132. Suppose 5*l - a = -106. What is the units digit of l?
0
Let b = 4933 + -1508. Suppose 5*r = 5*q - b, 3*r + 3 = -3. What is the hundreds digit of q?
6
Let x(c) = 386*c - 5. Let d = -178 + 179. What is the tens digit of x(d)?
8
Let u(m) be the second derivative of -62*m**3 - 9*m**2/2 + 94*m. What is the units digit of u(-1)?
3
Suppose 5*d + 74*n - 8197 = 70*n, 0 = 2*n - 6. What is the hundreds digit of d?
6
Suppose -3*h = 4*m + 24 + 19, -5*h - 63 = -2*m. What is the tens digit of 58*(h/(-2) - 5)?
8
